ose u = -2*f + y*o - o + 7, 3*f - 10 = o. What is the units digit of f?
3
Let u(i) = 5*i + 1. Let b(k) = -k**3 - k**2 - 2*k - 1. Let j be b(-1). What is the units digit of u(j)?
6
Let a(b) = -b**2 - 8*b - 7. Let u be a(-7). Let v(k) = k + 6. Let d be v(u). Suppose -3*t - 11 = -4*j + 22, d = -2*t. What is the units digit of j?
6
Let a(b) = b + 1. Let x be a(-1). Suppose x = -3*q + 12 - 3. Suppose 4 = q*t - 29. What is the units digit of t?
1
Suppose -2*i = 4*q - 1388, -2*q + 0*i = -2*i - 706. What is the units digit of q?
9
Suppose -146 = -4*r + 130. Suppose -n = -q + 36, -q - r = -3*q + 3*n. What is the tens digit of q?
3
What is the units digit of 1 + ((-58)/4)/((-4)/8)?
0
Let p = -18 - -22. What is the units digit of p?
4
Let i(c) = 19*c - 1. Let q = 13 - 12. What is the tens digit of i(q)?
1
Let m be (-4)/6 + 2/3. Suppose -3*x + 1 + 8 = m. Suppose -3*z + 6 = x. What is the units digit of z?
1
Suppose -34 = -n - 2*o, 7*n - 2*n - 182 = -4*o. What is the units digit of n?
8
Suppose -3*t - t = -4*f + 1316, 0 = -f - 4*t + 339. What is the hundreds digit of f?
3
Suppose d - 2*d + 43 = 0. What is the units digit of d?
3
What is the units digit of (-124)/(-10) + ((-54)/(-15) - 3)?
3
Let j = -20 - -26. Let l(s) = -s**3 + 8*s**2 - 7*s. What is the tens digit of l(j)?
3
Let t(p) = -2*p. Let j be t(-1). Suppose j*n - 8 = -2*r, 3*r + 4*n = -9 + 25. Suppose 34 = 2*o - r*o. What is the tens digit of o?
1
Let p(l) = -l**2 - l - 6. Let k(c) = -c**2 - c - 5. Let f(b) = -5*k(b) + 4*p(b). What is the units digit of f(-6)?
1
Suppose -3*t - 76 = t. Let m be 15/(-20) - t/4. Suppose -m*v = -2*k - 22, -3*v = -0*v - 2*k - 18. What is the units digit of v?
4
Suppose 3*i - 11 = -3*y - 2*i, 2*i - 2 = 0. Let h be 2/5 - 4/10. Suppose h = -y*z + 1 + 5. What is the units digit of z?
3
Let t be 1 - -7*(3 - 2). Suppose t = 5*d - 37. What is the units digit of (-3)/((-3)/d - 0)?
9
Suppose 0 - 5 = 5*r, -4*r - 14 = -5*x. Suppose v + x*v - t = -6, 0 = -t. What is the units digit of -1*(v - 0) + 3?
5
Let h(f) = -5*f - 12 - f**2 + 9 - 2*f. Let j be h(-6). Suppose j*z - 6 = s + 3, 0 = -3*z + 15. What is the units digit of s?
6
Suppose 3*v - 4*h = 31, 0 = -4*v + 3*v + 3*h + 17. Let j = 3 + v. What is the units digit of j?
8
Suppose -x + 29 = -5*q, -q = -2*q - 5*x + 15. Let i(t) = t**3 + 6*t**2 + 2*t + 2. What is the units digit of i(q)?
7
Let y(i) = -i + 3. Let f be y(6). Let h = f - -9. What is the units digit of h?
6
Let m = 14 + 5. What is the units digit of m?
9
Let y(d) = -13*d - 3. Let b(k) = 12*k + 2. Let l(j) = 5*b(j) + 4*y(j). What is the tens digit of l(2)?
1
Suppose j - 76 = -2*q - 4*j, 3*q = j + 148. What is the units digit of q?
8
Suppose -5*q = 4*q - 603. What is the units digit of q?
7
Suppose -3 = 5*w + 7. What is the tens digit of 1/w - 125/(-10)?
1
Suppose t - 5*i = 8, 3*t - 5*i - 20 = -2*t. What is the tens digit of 24 + -5 + -1 + t?
2
Suppose 5*m + 0 = -4*c + 3, -c = 5*m - 12. Suppose -2*u + 3*x = 9, -2*x - 5 = 3*x. What is the units digit of (-1 + (-10)/u)*m?
2
Let k(j) = -j**3 - 6*j**2 - 5. Let t be k(-6). Let a = 29 - 18. Let p = a - t. What is the units digit of p?
6
Suppose 3*u = -12 - 21. Let l(f) = -f + 10. What is the units digit of l(u)?
1
Suppose 15 = -c + 6*c. Let k(b) = b - 6. Let f be k(10). Suppose -c*x + q + 45 = f*q, 0 = x - 5*q + 9. What is the tens digit of x?
1
Let i be (1/3)/((-5)/(-15)). Let j be (2/2)/(i/(-10)). Let z = 27 + j. What is the units digit of z?
7
Suppose -2*n - n + 12 = 0. Suppose 2*o + 3*r = 3*o - 12, 2*r = -n. Let g = o + -5. What is the units digit of g?
1
Let l = 40 + -84. Let x = -26 - l. What is the tens digit of x?
1
Let c(n) = 3*n - 1. Let h be c(1). Suppose h*m + 14 = 40. What is the units digit of m?
3
Let q be 4 + (1 - (-2)/(-2)). Suppose -5*l + 3*b + 225 = q*b, 3*l - 137 = -b. What is the tens digit of l?
4
Let i(a) = -a + 9. Let g = 13 + -19. What is the units digit of i(g)?
5
Suppose 3 + 43 = 2*v. Let n = v - 15. What is the units digit of n?
8
Let m = -135 - -368. What is the units digit of m?
3
Suppose -3*q = 3*x - 453, 2*x = -5*q - 0*q + 752. What is the units digit of (-20)/q - 392/(-15)?
6
Let a(k) = -k**3 - 7*k**2 - 6*k. Let h be a(-6). Suppose h = -y + 1 + 6. What is the units digit of y?
7
Let g(j) = -j**3 + 7*j**2 + 3*j - 1. Let s be g(7). Suppose -s = -5*c + 10. What is the units digit of c?
6
Let u(w) = -w**2 + 4*w + 5. Let r be u(4). Let q = r - 4. What is the units digit of q*(-2 + 0)/(-2)?
1
Let s(l) be the third derivative of l**8/20160 + l**6/360 - l**5/60 - 3*l**2. Let v(u) be the third derivative of s(u). What is the units digit of v(0)?
2
Let o be 3*(1 - (-12)/(-9)). Let h = 7 + o. What is the units digit of h?
6
What is the tens digit of 240 - ((-34)/8 - (-1)/4)?
4
Let t = 10 - -29. What is the tens digit of t?
3
Let v(d) = d**2 - 2*d - 4. Let j be v(3). Let h be 1*(-3 - (-1 + j)). What is the tens digit of (h - 12)*(0 + -1)?
1
Suppose -k + h = k - 417, 4*k + h = 843. What is the tens digit of k?
1
Let n be -2 - 31/(1/(-1)). Let u = -19 + n. What is the units digit of (-24)/u*(-20)/6?
8
Let o(p) = 2*p + 2 - 2*p + 2*p - 11. Let g be o(7). Let q(w) = w. What is the units digit of q(g)?
5
Let s(x) = -25*x**3 - 2*x**2 + 2*x - 1. Let f be s(1). What is the units digit of 117/f*(-16)/3?
4
Let n be 27*(3 - (-8)/(-4)). Let m = n - 7. What is the tens digit of m?
2
Suppose 0 = -l - 3 - 1. Let w = l + 16. What is the tens digit of w?
1
Suppose 3*a = 194 + 655. What is the tens digit of a?
8
Let q = 208 - 108. What is the units digit of q?
0
What is the units digit of (-1)/4 - (-244)/16?
5
Suppose 20 = 2*k + 2*k. Suppose -5*t - 3*p + 226 = 0, -4*t - k*p = -3*t - 32. What is the units digit of t?
7
Suppose 5*x = 2*r - 7*r + 60, -33 = -5*x + 4*r. What is the units digit of x?
9
Suppose 0*x = 3*x. Suppose x = -3*w - 5 + 17. Suppose 0 = -4*m - w*q + 8*q + 4, -3*m + q + 13 = 0. What is the units digit of m?
6
Let c(r) = -2*r**2 + 2*r + 4. Let d be c(3). What is the tens digit of 4/3*(-60)/d?
1
Let v be 157/(-6) + (-1)/(-6). Let l = 40 + v. What is the tens digit of l?
1
Suppose 0 = 3*l - 9, -5*b + 5*l - 5 = 0. Let o = -12 - -38. Suppose b*a + 8 = o. What is the units digit of a?
9
What is the units digit of 231/14*4/6?
1
Let j(l) = l + 7. Let a(q) = 2*q + 18. Let c(h) = -5*a(h) + 12*j(h). Let o be c(6). What is the units digit of (16/(-10))/(o/(-75))?
0
What is the tens digit of 275/10 + 1/2?
2
Let j be -1 - (0 + -1) - -4. Suppose -3*g + 3 = -2*g. Suppose -h = 2, -4*r + 13 + g = -j*h. What is the units digit of r?
2
Suppose -2*r = -6*r - 4*x + 100, 3*x = 5*r - 85. Suppose 0 = 5*d - r. What is the units digit of d?
4
Let m = 8 - 9. What is the units digit of 15/9*(m - -4)?
5
Let g = 0 + 14. Suppose -r = -2*r + g. What is the units digit of r?
4
Suppose -3*i = -4*i + 3*w + 32, -5*w = -i + 30. Suppose -4*c + i + 37 = 0. Let h = -13 + c. What is the units digit of h?
5
Let s(c) = -c - 7. Let a be s(-4). Let q be (a/(-6))/((-1)/26). Let j = -1 - q. What is the tens digit of j?
1
Let b(t) = t**3 + t**2 - 2*t. Let l be b(2). Suppose -l - 6 = -2*n. What is the units digit of n?
7
Suppose 0*r = 3*r + 3. What is the units digit of r/(-5) - 68/(-10)?
7
Suppose 4*q - 4*b - 112 = 0, 0*b = -b + 3. Let j = q + -23. What is the units digit of j?
8
Let j(w) = w + 12. Suppose -3*b - 2*z - 8 = 20, -4*b = 4*z + 36. Let i be j(b). Suppose a - 7 = -t, -5*a - i*t = -t - 19. What is the units digit of a?
3
Let o = 11 - 5. Let x(c) = 9*c - 5. Let k(p) = -5*p + 3. Let h(r) = o*x(r) + 11*k(r). What is the units digit of h(0)?
3
Let b be (-4)/14 - (-4)/14. Suppose b = -3*s + 5 + 16. What is the units digit of s?
7
Let s = 364 - 249. What is the hundreds digit of s?
1
Suppose -8*a = -4*a - 5*z - 1221, 4*z = -4*a + 1212. What is the tens digit of a?
0
Let k be (-1)/(-1) - -3 - -2. Let s = -4 + 3. What is the units digit of (k/10)/(s/(-5))?
3
Suppose -4*z + v = -13, 3*z + 0*v + 4*v = 5. Suppose -u = 2*j - 25 - 11, 0 = -4*j + z*u + 82. What is the tens digit of j?
1
Let g = -8 - -2. What is the units digit of (g - (-6 - -3)) + 23?
0
What is the tens digit of 3/9 + 1596/18?
8
Suppose -5*c - 130 = -7*c. What is the units digit of c?
5
Let o = 32 + 2. What is the units digit of o?
4
What is the tens digit of ((-58)/6)/(2/(-18))?
8
Suppose 6